 72266282 and 242.
242
Calculate the highest common factor of 79910565 and 210.
105
What is the greatest common divisor of 34560 and 600048?
432
Calculate the highest common divisor of 637 and 13461448.
91
What is the highest common divisor of 52942 and 10101642?
514
What is the greatest common divisor of 2561717 and 57005?
877
Calculate the highest common divisor of 4952665 and 2067434.
2699
What is the greatest common divisor of 519313 and 56159?
631
What is the highest common divisor of 1112 and 1652?
4
Calculate the greatest common divisor of 46052762 and 714.
238
What is the highest common factor of 8366 and 2227142?
94
What is the greatest common factor of 750 and 24748050?
150
Calculate the highest common factor of 7168 and 10367.
7
Calculate the highest common divisor of 4056 and 152421438.
1014
What is the highest common divisor of 548293 and 613524?
1763
Calculate the greatest common divisor of 2554628 and 330706.
3034
Calculate the greatest common divisor of 10495161 and 222.
111
Calculate the highest common factor of 522929134 and 26.
26
What is the highest common divisor of 168 and 96695688?
24
What is the highest common divisor of 61628975 and 25?
25
What is the greatest common divisor of 32 and 646692?
4
Calculate the greatest common divisor of 61838730 and 1044.
522
Calculate the greatest common factor of 11840 and 3656.
8
What is the greatest common divisor of 1149928 and 1339?
13
What is the greatest common factor of 487016 and 85?
17
Calculate the highest common divisor of 9966106 and 2701.
73
Calculate the greatest common divisor of 43918965 and 120.
15
Calculate the highest common divisor of 1052 and 8605097.
263
Calculate the highest common factor of 230258120 and 23600.
2360
What is the highest common divisor of 13624 and 3823235?
1703
What is the greatest common factor of 24451776 and 12?
12
What is the highest common factor of 687712 and 240?
16
What is the greatest common factor of 248 and 6466414?
62
What is the greatest common factor of 371 and 30280649?
371
What is the highest common factor of 62193761 and 287?
287
Calculate the greatest common divisor of 16974 and 417519.
207
What is the greatest common factor of 50 and 923978600?
50
What is the highest common divisor of 224620056 and 3184?
1592
What is the greatest common factor of 26 and 798231096?
26
What is the greatest common factor of 239598 and 801270?
522
What is the greatest common divisor of 1476 and 16683597?
369
Calculate the highest common divisor of 19440153 and 9.
9
What is the greatest common divisor of 53048 and 10184?
152
Calculate the greatest common divisor of 56883876 and 1932.
1932
Calculate the highest common factor of 2254896 and 10416.
336
What is the highest common divisor of 4057564 and 11432873?
7627
Calculate the highest common divisor of 10322 and 155795107.
5161
Calculate the highest common factor of 762520 and 50864.
88
Calculate the highest common factor of 28 and 33341000.
28
What is the greatest common factor of 38992 and 274416?
16
What is the highest common factor of 2711 and 622207032?
2711
Calculate the greatest common factor of 277728 and 1006368.
1056
What is the highest common divisor of 811707 and 264147?
507
What is the highest common factor of 18525998 and 254?
254
What is the highest common factor of 9251 and 4157?
1
What is the greatest common divisor of 6373230 and 15696?
654
Calculate the highest common factor of 452 and 323728728.
452
Calculate the highest common factor of 6019828 and 1246416.
4516
What is the highest common factor of 115 and 12089080?
5
What is the greatest common divisor of 3511968 and 6432?
96
Calculate the greatest common factor of 29047 and 191859.
31
Calculate the greatest common divisor of 105 and 7163135.
35
What is the greatest common divisor of 666 and 3860694?
18
What is the highest common factor of 78729 and 7833?
21
Calculate the highest common factor of 5194040 and 402280.
3560
Calculate the greatest common divisor of 394 and 69465352.
394
Calculate the highest common divisor of 18 and 4640442.
6
Calculate the highest common divisor of 1483902 and 2142.
126
Calculate the greatest common factor of 479085 and 437.
19
Calculate the highest common factor of 3584082 and 587128.
1858
What is the highest common factor of 363 and 4787849?
121
What is the highest common factor of 10054 and 2457489166?
10054
Calculate the greatest common factor of 39211207 and 329.
329
Calculate the highest common divisor of 37715151 and 1086.
543
What is the greatest common factor of 351 and 54271269?
351
Calculate the greatest common factor of 41528102 and 14784.
154
Calculate the greatest common factor of 32589 and 105222.
213
What is the highest common factor of 40 and 869208260?
20
What is the highest common factor of 5 and 164005?
5
What is the highest common divisor of 32312516 and 1012?
92
Calculate the greatest common factor of 88647 and 93.
3
What is the highest common factor of 5999 and 1082165609?
5999
Calculate the greatest common factor of 198 and 14295942.
18
What is the highest common factor of 5325 and 11258825?
1775
Calculate the highest common factor of 5264527 and 2149643.
4663
Calculate the greatest common divisor of 86687488 and 160.
32
What is the highest common divisor of 22134864 and 24?
24
What is the highest common divisor of 7408368 and 13392?
432
What is the highest common divisor of 1 and 2937333?
1
Calculate the highest common divisor of 5768 and 21157.
1
What is the greatest common divisor of 480 and 14948280?
120
Calculate the greatest common divisor of 68284204 and 16468.
716
What is the highest common divisor of 1764 and 5064?
12
What is the greatest common divisor of 187743670 and 10?
10
What is the greatest common factor of 152 and 3043672?
8
Calculate the highest common factor of 31805293 and 845.
169
What is the highest common divisor of 4742426 and 1222?
26
What is the greatest common factor of 2236333 and 286?
11
Calculate the highest common factor of 4931316 and 117.
117
What is the greatest common divisor of 39287377 and 74?
37
What is the highest common factor of 2169111 and 231?
21
Calculate the highest common divisor of 36 and 4129938.
18
What is the highest common divisor of 105755 and 205?
5
What is the greatest common factor of 58 and 123311509?
29
Calculate the greatest common divisor of 44 and 25147804.
44
Calculate the highest common divisor of 105857 and 5587.
37
What is the highest common factor of 177782074 and 316?
158
Calculate the highest common divisor of 150 and 5789790.
30
What is the greatest common factor of 10169346 and 96?
6
Calculate the highest common divisor of 91 and 80335099.
13
What is the highest common factor of 207408 and 2924070?
174
Calculate the greatest common factor of 1759355 and 104.
13
What is the highest common factor of 63 and 52049259?
9
What is the highest common divisor of 9065 and 27444565?
185
What is the greatest common factor of 39037490 and 10?
10
What is the greatest common divisor of 33950 and 24454185?
3395
Calculate the highest common factor of 4675 and 1927596.
187
What is the greatest common divisor of 10883784 and 17664?
552
Calculate the highest common divisor of 7816 and 8984.
8
What is the greatest common divisor of 1980718650 and 3286?
3286
Calculate the greatest common divisor of 52364 and 5269472.
2756
What is the greatest common factor of 215 and 2999525?
5
What is the greatest common divisor of 8559231 and 4476?
1119
What is the highest common divisor of 717 and 1434?
717
Calculate the greatest common factor of 810496 and 242199.
1583
Calculate the highest common divisor of 12 and 820720128.
12
Calculate the greatest common factor of 32567160 and 120.
120
Calculate the greatest common factor of 684605 and 39543.
269
What is the greatest common factor of 811800 and 769032?
792
What is the highest common factor of 1494 and 4394352?
498
Calculate the greatest common divisor of 74 and 240429367.
37
Calculate the highest common factor of 14967 and 1044.
9
What is the highest common factor of 33193057 and 57?
19
What is the highest common divisor of 785449576 and 4824?
536
What is the highest common factor of 13979998 and 377936?
3634
Calculate the greatest common divisor of 2151 and 201959541.
2151
Calcula